w - 117. What is the hundreds digit of x(-3)?
1
Let h(r) = r**3 - 12*r**2 - 13*r + 16. Let i(g) = 9*g - 3. Let j be i(4). Suppose j = 2*z - 4*v + 3, 4*z - 5*v = 57. What is the units digit of h(z)?
6
Let i = 28 + -85. Let k = i + 77. What is the units digit of k?
0
Suppose i + 8327 = 5*m, -5*i - 1562 = -m + 113. What is the thousands digit of m?
1
Suppose 0 = 2*x + 497 + 1377. What is the tens digit of x/(-11) - (-8)/(-44)?
8
What is the hundreds digit of (-27525)/(-9) + 2 + 156/234?
0
Suppose 0 = 5*h + 4*r - 6 - 4, 3*h = -5*r + 6. Let d be (-9)/18 + 9/h. Suppose -3*g = p - 79, -d*g + 3*p - 29 = -5*g. What is the tens digit of g?
2
Suppose -q + 44 = q + 5*d, 0 = 3*q + 4*d - 52. Suppose -q*j + 1780 + 1520 = 0. What is the units digit of j?
5
Let o(l) = 2094*l**3 + l**2 - 5*l + 4. What is the thousands digit of o(1)?
2
What is the tens digit of 1994/8 - (185/20 - 9)?
4
Let q = -803 + 1153. What is the tens digit of q?
5
Let q(o) be the third derivative of o**4/3 - 29*o**3/2 - 37*o**2. What is the units digit of q(11)?
1
Let h(i) = -4*i + 3*i - 2 + 14 + 3. What is the units digit of h(12)?
3
Let k(z) be the third derivative of 7*z**4/24 - 7*z**3/3 + 18*z**2. What is the units digit of k(8)?
2
Let m(o) = -2*o**2 + 6*o + 6. Let z be m(6). Let q(j) = 3*j**3 - 4*j**2 + j + 4. Let p be q(2). What is the units digit of 735/z*(-24)/p?
2
Suppose -666 = -7*i + 5*i. Suppose 5*n - 2*n = i. Suppose -n + 336 = 5*k. What is the units digit of k?
5
What is the hundreds digit of (1 - -2)/21 + (-6467)/(-7)?
9
Suppose -a + 263 = 3*n, 0 = a + a + 8. Let o = n + 16. What is the units digit of o?
5
Suppose 0 = -z + 3*z - t - 7, -4*t = -3*z + 13. Suppose 96 = z*q + 9. What is the tens digit of q?
2
Suppose -1120 = 10*n - 5000. Suppose 3 = 3*y, 2*w - 4*w = 2*y - n. What is the units digit of w?
3
Let b(k) = k**3 + 11*k**2 + k - 17. Let a be b(-7). Let n = -83 + a. What is the tens digit of n?
8
Suppose 4*d - 2*u - 4861 + 657 = 0, -d - 3*u + 1058 = 0. What is the thousands digit of d?
1
Let z be 202/((-9)/6 - -2). Suppose -11*v + 432 + z = 0. What is the units digit of v?
6
Let j(f) = 2*f - 18. Suppose 0*m = -2*m + 20. Let b be j(m). Suppose -t = -2*y - 50, -6*t + 210 = -b*t + 2*y. What is the units digit of t?
2
Suppose -6*b - 1455 = -9*b. Suppose -3*t - 2*t = -3*j + b, 791 = 5*j - 4*t. What is the units digit of j?
5
Let k be 32/5 - (-6)/(-15). Let h(z) = 32*z + 26. What is the tens digit of h(k)?
1
Let n(k) = -k**2 + 9*k - 6. Suppose -23 + 5 = -2*l. Let a be n(l). Let w(z) = -z**2 - 6*z + 2. What is the units digit of w(a)?
2
Suppose -1776 = -3*t - 0*t. What is the units digit of t?
2
Let m(p) = -p - 9. Let u be m(0). Let h(g) = g + 11. Let a be h(u). Suppose 2*n - 9 = -i + 7, -a*i + 4*n + 32 = 0. What is the units digit of i?
6
Let y = -372 - -1089. What is the units digit of y?
7
Let z(v) = 8*v - 1. Let a be z(-1). Let k be (-15)/(-2)*12/a. Let u = 16 + k. What is the units digit of u?
6
Suppose 186 = -39*w - 477. Suppose m + 10 = 3*c, -m = -5*m + c - 29. Let s = m - w. What is the tens digit of s?
1
Let k be (1 - (-102)/(-12))*(-88)/6. Let y = k + -46. What is the tens digit of y?
6
What is the tens digit of (-7722)/104*-1*12?
9
Let t(g) = 4*g**2 - 28*g + 59. What is the units digit of t(17)?
9
Suppose m + m = 46. Suppose 3*r = -i + m, 8*i - 3*i = -2*r + 11. Suppose -58 = -2*q - r. What is the tens digit of q?
2
Let m(p) = -p**3 + 8*p**2 + 10*p - 5. Let y be m(9). Suppose 2*v + 72 = 3*o + y*v, -4*o = 4*v - 92. Suppose 0 = 2*x - o - 24. What is the units digit of x?
5
Let z(j) be the third derivative of 1/3*j**3 - 8*j**2 + 0*j + 0 - 1/24*j**4. What is the units digit of z(-6)?
8
Let y(c) = -4*c**2 + 4*c - 2. Let d be -5*((-18)/(-5) + -4). Let f be y(d). What is the units digit of 1 + -1 - (5 + f)?
5
Let j = 11 - -156. Let v = j + -116. What is the tens digit of v?
5
Suppose 0 = 6*x - 0*x - 5898. Let g = 513 - x. What is the tens digit of (2/(-4))/(5/g)?
4
What is the hundreds digit of -4 + -4 + 4 + 0 + 405?
4
Suppose 527 + 840 = 2*i + 5*n, 5*n = 4*i - 2689. What is the tens digit of i?
7
Let c(u) = u**3 - 19*u**2 + 24*u - 20. What is the hundreds digit of c(25)?
3
Suppose -3*l - 2*l + 721 = u, 5*l - 5*u = 715. What is the units digit of l?
4
Let l be (-10)/(-15) - 106/(-3). Suppose -r = -l - 25. What is the units digit of r?
1
What is the hundreds digit of 395/(((-7)/2)/(-7))?
7
Let n(a) = a - 9. Let d be n(7). Let j be d/(-8) - 33/(-12). Suppose 0 = -j*z - 3*q, -4*z = z + 3*q - 10. What is the units digit of z?
5
Let p be (-30)/(-8)*-2*(-24)/36. Suppose 0 = p*v - 4*q - 689, -2*v + 26 + 252 = -4*q. What is the tens digit of v?
3
What is the units digit of -41 - -4302 - 30/3?
1
Suppose -20*l + 4*s = -18*l - 10, -5*l - 3*s = 1. Let h(p) = -9*p**2 + 2*p - 1. Let m be h(2). Let c = l - m. What is the units digit of c?
4
Let d(s) = -s**3 + 10*s**2 - 3*s + 3. Let j be d(12). Let k = j + 549. What is the tens digit of k?
2
Suppose 0 = -3*u + 4*u + 5*r + 2, -u + 4*r + 16 = 0. Suppose u*f = 6*f. Suppose f = 19*c - 15*c - 64. What is the units digit of c?
6
Let l be 6/6 - (-484 + -1 + 1). Suppose l = 5*o - 15. What is the tens digit of o?
0
Let y(j) be the third derivative of -j**6/120 + 3*j**5/20 + 5*j**4/12 + 7*j**3/3 + 7*j**2. Let c be y(10). Suppose -z + c = -1. What is the units digit of z?
5
Let g(q) = 4*q**3 - 26*q**2 - 11*q. What is the hundreds digit of g(8)?
2
Suppose -11*v = -5*v - 4278. What is the units digit of v?
3
Suppose m - 1 = 4. Suppose m*p - 2*p - 288 = 0. Suppose k - p = -3*k. What is the units digit of k?
4
Let b(o) = -78*o - 45. Let c(r) = r + 2. Let w(z) = -b(z) - 4*c(z). What is the units digit of w(3)?
9
Let m(l) = l**3 + 21*l**2 - 23*l - 17. Let t be m(-22). Let q = t + 62. What is the units digit of q?
7
Let f = -572 - -1129. What is the tens digit of f?
5
Let s(o) = 210*o - 2*o**2 + 27 - 230*o + 3*o**2. What is the units digit of s(24)?
3
Suppose 9*j - 22512 = 12282. What is the thousands digit of j?
3
Let q(h) be the second derivative of 7*h**4/12 + h**3/3 + h. Let j(n) = n**2 - 25*n - 82. Let w be j(28). What is the units digit of q(w)?
2
Suppose 49*c - 31*c - 69804 = 0. What is the tens digit of c?
7
Let f(p) = 3*p**2 - 2*p + 26. What is the units digit of f(-9)?
7
Let t(x) be the second derivative of x**5/20 + 7*x**4/12 + 7*x**3/6 + 4*x**2 - x. Suppose -s = -5*v + 3*s - 38, 0 = -s + 2. What is the units digit of t(v)?
2
Let a(t) = t**2 - 11*t - 4. Let x be a(12). Suppose x*k - 69 = 131. Suppose 5*y - 120 - k = 0. What is the tens digit of y?
2
Let j(d) = -2*d**2 + 7*d - 36. Let b(k) = -3*k**2 + 10*k - 54. Let t(m) = -5*b(m) + 7*j(m). What is the units digit of t(-6)?
0
Let x(s) be the first derivative of s**6/180 + s**5/40 + s**4/8 + 2*s**3 - 7. Let o(g) be the third derivative of x(g). What is the tens digit of o(-4)?
2
Let k(o) = 6*o**2 + 4*o + 12. Let p be k(-5). Suppose 0 = -q - m + 103, 3*m + 79 = 2*q - p. What is the tens digit of q?
0
Let h(o) be the second derivative of -o**4/12 + 2*o**3 - 6*o**2 + 19*o. What is the tens digit of h(7)?
2
Let o be -180 + (-5)/(2 + -3). Let u = o - -283. What is the tens digit of u?
0
Let m(h) = -10*h**2 - 8 + 6*h**3 - h**3 - 6*h**3 - 3*h. Let g = -2 + -8. What is the tens digit of m(g)?
2
Let n = 1606 - -13. What is the hundreds digit of n?
6
Let r = 909 - 114. What is the hundreds digit of r?
7
Let g = -764 - -1108. What is the units digit of g?
4
Let i(b) = b**2 - 18*b + 3. Let r be i(11). Let j = -4 - r. What is the tens digit of j?
7
Suppose -o + 4 + 0 = 0, m = -4*o + 38. Let c(w) = w**2 - 7*w - 6. Let x be c(5). Let f = x + m. What is the units digit of f?
6
What is the hundreds digit of (-5 + -33)*(-8 + 2 + -1)?
2
Let r = 146 + 2222. What is the tens digit of r?
6
Suppose -3*g - 2364 + 276 = 0. What is the tens digit of (-1 - -2)/((-4)/g)?
7
Suppose -2 = f + 9. Let j = -5 + 2. Let z = j - f. What is the units digit of z?
8
Suppose 0*c - 4*c - 188 = 0. Let p = c - -76. Suppose 0 = 3*g + 5 - p. What is the units digit of g?
8
Let f(v) = 4 - 3*v**2 + 4*v + 0*v + 4*v**2. Let g be -3 - ((1 - 1) + 2). What is the units digit of f(g)?
9
Suppose g - 4*m - 276 = 117, 2*g = m + 821. What is the hundreds digit of g?
4
Let p(f) = 14*f**2 + 3*f + 1. Let z be 20/5 - 4/2. What is the units digit of p(z)?
